 -7 - 13))?
78
What is the value of -30 - -43 - 24 - 7 - (-1 + 1)?
-18
12 - (-2 + 6) - (-671 + 709)
-30
What is the value of (2 - 60) + 2 + 82 + -74?
-48
20 + -3 + -6 + -4 - (-158 - -198)
-33
What is the value of -46 - (-34 - (37 - 18))?
7
What is (13 - 1 - 5 - 0) + (9 - (20 + 0))?
-4
What is (-19 - -32) + (25 - 0 - 120) + (1 - 9)?
-90
Calculate -3 - (4 + 7 + (0 - 4)) - (-250 - -252).
-12
What is 44 - 23 - (39 + -20 + -1) - 97?
-94
What is 21 - (40 + -49 + 76)?
-46
What is the value of (-13 - (-23 - -10)) + (3 - 7) + (-15 - -27)?
8
What is the value of (-292 - -294 - (0 + -21)) + -60?
-37
What is 40 + (-22 - 2) - (-3 - (9 + -1))?
27
Calculate -91 - (-65 + -17) - ((0 - -2) + -125 + 2).
112
Evaluate 5 + (90 - -2) + 27 + -24 - (14 + -2).
88
Evaluate (6 - -1) + (57 - 17) + -25.
22
9 + -1 - (-15 + -15 + -47) - 16
69
(19 - 53) + (-1 + (-3 + 1 - -1) - -8)
-28
Evaluate (61 - 52) + (-5 - (15 - 8) - -8).
5
Evaluate -47 + (11 - -2 - (-47 - -29 - -27)).
-43
Evaluate -14 + (-8 - (4 - -2) - -59).
31
What is (-5 - -11) + -8 + -17 + 36?
17
What is (3 - (-25 - (16 - 11 - 20))) + 5?
18
Calculate -70 + (48 - 8) + (0 + 1 - (2 - 2)).
-29
What is the value of (-37 + (-15 - 2) - 9) + (13 - 5)?
-55
What is the value of -2 + 28 - (199 - 80 - 116)?
23
Evaluate 61 + -22 + (-77 - -76).
38
107 + -80 + -45 + 46
28
Evaluate -15 + (1 - 21) + 26 + (44 - 3).
32
-2 + 14 - (-22 - -35) - -27
26
Evaluate 12 + (11 - (-13 - -5 - (-6 + -12))).
13
Evaluate -4 + (-16 - (-21 - -18 - 24)).
7
-27 + 1 - -1 - (348 - 330)
-43
Evaluate -85 + (-1 - 16 - (-13 - (-11 + 38))).
-62
(-3 - 2 - (-60 + -53 + 191)) + 15
-68
Calculate (0 - 9) + -1 + 27216 + -27278.
-72
What is the value of 43 + 66 + -147 - (-18 - -3)?
-23
Calculate -106 - (-77 - 29) - (1 + -48).
47
Evaluate 6 + (-57 - -67) + (-4 - (-5 + 3)) + -18.
-4
Calculate 16 - 79 - (11 + -2 - -5 - -7).
-84
What is the value of -1 - ((-50 - -97) + -56 + 1 + 3)?
4
What is the value of 92 - (91 + -86) - 51?
36
-62 - (-3 + 0) - (-25 - -3)
-37
Evaluate 13 - ((-6 - -29) + 48) - (-8 + 4 - 2).
-52
What is the value of -21 + 39 - (10 + 9 + -13)?
12
1 - -3 - (-18 - (-4 - 3 - (-16 + 26)))
5
What is the value of 9 - (-44 + 18 + 40)?
-5
3 - -3 - 11 - (1 - 36 - (1 - 4))
27
What is -22 + -26 + 12 + 36 + 1 + 0?
1
-54 + 48 - ((38 - (1 + 4)) + -11 + 9)
-37
What is the value of 16 - (-8 - -15) - 17 - ((11 - 5) + -32)?
18
What is the value of 34 + -34 + -22 - -45?
23
Evaluate (-73 - -28) + -8 + (3 - -12 - 2).
-40
What is the value of (727 - 726) + (0 - 3) + 0 + -42?
-44
What is -9 + (-33 - -5 - (-2 - (8 + -6)))?
-33
Evaluate -12 + 66 + 15 + (116 - 113).
72
-3 + -9 + -2 + -20 + -1
-35
What is the value of 92 + (-110 - (-46 - 14))?
42
What is 5 - 68 - (-10 + 0 + 0 + 18)?
-71
Calculate (-3 - (-3 - -3) - -4) + -22 + (-690 - -682).
-29
Calculate -359 + 260 - (-4 + -10) - 18.
-103
What is the value of (-3 - 3) + -3 - ((50 - 52) + (3 - 30))?
20
What is the value of 1 + 11 - (-23 - -19) - (80 + -2)?
-62
Calculate 0 + (-3 - -18) - (21 + 4 + 3) - -64.
51
-5 + -6 - (-15 + (-62 - 12))
78
What is the value of -7 + -31 + 81 + -73?
-30
21 + (3 - 0) - ((2 - 103) + 66)
59
Evaluate 3 + (-4 - 0) + -3 - (186 - 195).
5
What is the value of -2 + (-15 - (-48 - -85))?
-54
What is 15 + 106 + -14 - (19 + -33 - -30)?
91
What is (69 + -2 + -3 - 5) + 1080 + -1065?
74
What is the value of 34 + (37 - 49) + 2 + 5?
29
What is the value of (11 - 2 - 1) + -25 + (-64 - -87)?
6
(-3 - (-2 - -2)) + (-33 - (-71 - -8)) + 3
30
Evaluate 2 + 3 + 21 + (2 - -28 - (-2 - -61)).
-3
What is -1 - (3 + -4 - -27) - (10 + -26 + 18)?
-29
Evaluate (21 - 60 - -2) + (3 + 6 + 1 - 1).
-28
What is the value of -4 + (1 - (17 + -13)) - (3 - -22)?
-32
Evaluate -181 - -202 - (-2 - -76) - 12.
-65
Evaluate -13 - (-6 - -7 - 6 - (-71 - -79)).
0
154 - 66 - (0 + (5 - 8) - -6)
85
What is the value of (6 + 5 - 19) + -16 - 3?
-27
Evaluate 24 + 48 + -6 + 23 + (2 - -2).
93
What is 21 + 71 + -112 - (0 - 17)?
-3
What is the value of -6 - (45 + (-10 - 5))?
-36
Calculate 14 - (-3 - -47 - (28 + 23 + -44)).
-23
What is (-39 - -5) + (874 - 825)?
15
Calculate 57 + (219 - 116) + -271.
-111
What is the value of 0 - (-7 - 9) - (-230 - -210)?
36
What is (1 - -2) + -92 + 26 + (27 - 44 - 5)?
-85
Calculate 32 - -1 - 2 - (4781 + -4786).
36
What is ((3 + 5 - 1) + -21 - -52) + -10?
28
What is the value of 15 + -8 - (-12 + 2 + -4 + 5)?
16
Evaluate -39 + (-5 - (-10 - -19) - (-9 - 3)).
-41
What is 3 + 23 + 61 + (50 - 133)?
4
Calculate -241 + 76 + 14 - -58.
-93
-54 + -18 - (-220 + 172)
-24
Evaluate 1 + -33 + (2658 - 2661).
-35
0 + 4 + -11 + 16 + -13 + 89 + -103
-18
Calculate 19 - (54 - 50) - 13.
2
Calculate (34 - (51 + -26)) + -113.
-104
Evaluate 28 - (1 + 8) - 25 - 0.
-6
What is -6 - (-6 + 14 + -47 + 33 - (7 - 2))?
5
Evaluate 63 - ((-3 - 21) + 36) - (-3 - 0).
54
Evaluate 0 + 0 - (7902 - 7891).
-11
What is the value of -46 + 12 - (148 + -215)?
33
What is the value of 13 - ((-24 - (-65 - -22)) + -16) - -118?
128
What is -102 - (-10 + (34 + -26 - -4) + 3 + 2)?
-109
Calculate (1035 + -1052 - (2 - 6 - (2 + 0))) + -36.
-47
What is 35 + -19 + -10 + 14 - (-11 - 11)?
42
What is the value of 56 + ((-2 - -34) + -11 - (28 - 13))?
62
What is the value of 1 + -10 - (-7 - (-15 - -42 - 53))?
-28
Calculate 120 - (56 + -18 - 10 - 3).
95
21 + -20 - -50 - 45
6
What is the value of -55 + 97 + 7 + -2 + 6 - 4?
49
What is -59 + (142 - 103 - -23)?
3
What is ((12 - 1 - (-135 - -150)) + -8 - 87) + -2?
-101
Evaluate 82 + (11 - (-9 + 6)) + -32.
64
Calculate (-3 - -7) + -27 + (-6 - -8) + (35 - 25).
-11
-40 + (-68 - (21 - -12)) + 47
-94
(-15 - 0) + (-9 - -19) + (3 + -1 - -11)
8
Calculate (10 + 0 - 3 - 56) + 15 - (-3 - -9).
-40
Evaluate 62 + -11 - (-5 + 73).
-17
What is -19 + (-38 - -36) + -16 + -2?
-39
What is the value of 12 - (11 + -6) - (-3 + 46 + -3)?
-33
What is the value of (5 - (-43 - -63)) + 34?
19
What is 42 + 2 + -763 + 742?
23
What is the value of 11 + (13 - (0 + 6) - (7 - 1)) + -91?
-79
What is the value of 26 - (-19 + (-1 - -8) - (20 + -12 - 19))?
27
Calculate -8 - 16 - -45 - (4 - (-4 + 5)).
18
What is 54 - ((7 + 9 + -1 - 8) + -18)?
65
Evaluate 13 - ((-1 - -23) + -111) - (-4 + 2 + 8).
96
Evaluate (24 + -16 + -27 - 7) + 9 - 61.
-78
46 + -79 + -48 + 90
9
What is 9 - 7 - (-5 - (-4 - -1)) - (13 + -15)?
6
25 + (3 - 6) - (113 - 89) - 8
-10
(25 - 1) + (150 - 200) + 89
63
Evaluate -1 + 5 + (159 - 157) + -1 + 54 + -4.
55
What is the value of -9 + (-3 - 18) + 23 + 44?
37
Calculate 59 - (98 - -5 - 54).
10
What is (-53 - 26 - -9) + 12 + -14?
-72
-4 + (-13 + 9 - -2 - 2) - 0
-8
Calculate (19 - (18 - -8) - -1) + 24.
18
What is the value of -17 + (13 - (12 - (1 + 6)) - -3)?
-6
What is 75 - (69 - (-117 - -60))?
-51
What is the value of -24 + (-26 - (16 - 27)) + 6?
-33
What is the value of (13 - -2 - ((112 - 73) + -10)) + 84?
70
What is the value of 52 - (138 + -61 + -93)?
68
0 - -16 - (180 + -176) - (-8 - 4)
24
Evaluate 1 + -2 + (-9 - 2) - (-90 - (-4 - 40)).
34
What is 508 + -478 - (16 + 4 + -2)?
12
Calculate (-14 - -1) + (48 + (-8 - 19) - 49) + 119.
78
(-39 - 39) + (-6 - (-9 + -10))
-65
What is (20 - 45) + 23 + 12 + -24?
-14
Calculate (28 - -1) + -2 - (-2504 + 2490).
41
Calculate -118 + 40 - -147 - -41.
110
Calculate (1 - -66) + -390 + 191.
-132
Calculate -18 + -65 + 90 - (0 + 5) - 23.
-21
16 + (3 + -9 - (22 - 28)) + 41 - 8
49
What is 17 + (0 + -7 + 3 - 16 - -7)?
4
What is -13 - (-3 + 0 + 2 - (-178 + 193))?
3
-104 - (10 - (-14 - -12) - 4 - 11 - 8)
-93
Calculate -47 + (-37 + 12 - -41).
-31
What is (1 - 12) + (-10 + -29 - -7) + 2 + -1?
-42
What is the value of (24 - (9 - (-25 + 19))) + 42?
51
Calculate 73 - 47 - 4 - (0 - 20).
42
Evaluate (-4 - (8 - 14)) + (36 - (-4 + 9 - 8)).
41
What is -29 + 6 + -5 + 245 + -225?
-8
51 - ((-42 - -47) + 13)
33
-3 + (2 + 2 - 3) + -50 + -10 + 16
-46
6765 - 6690 - (74 - 2)
3
-1 - (8 - (0 - -2) - (44 - (-14 - 9)))
60
Evaluate (-42 + 23 - -4) + -6.
-21
Calculate 1 + 47 + 74 + -40 + -55.
27
What is -9 + (-109 - (-31 + -6 + 31) - (-13 + -1))?
-98
What is the value of -3 - (-11 + (15 - 3)) - -46 - -1?
43
13 - 2 - ((200 - -33) + -193)
-29
What is the value of -12 - 14 - 15 - ((16 - -1) + -15)?
-43
What is (3 - (3 - -12)) + 20 - -82 - 9?
81
Evaluate -30 - (-53 + 107 + -16 + -11).
-57
What is (115 - (376 + -113)) + 53?
-95
What is (21 - 4) + 32 + 0?
49
Evaluate 110 - ((-6